he highest common factor of 240 and 15000?
120
Calculate the highest common divisor of 861 and 6601.
287
What is the greatest common divisor of 630 and 75?
15
Calculate the greatest common divisor of 810 and 30.
30
Calculate the greatest common factor of 2547 and 117.
9
Calculate the greatest common divisor of 9 and 97668.
9
Calculate the highest common divisor of 6692 and 14.
14
Calculate the greatest common divisor of 415 and 4648.
83
What is the highest common factor of 717 and 33?
3
What is the greatest common divisor of 150 and 75?
75
What is the greatest common factor of 254 and 2159?
127
Calculate the highest common factor of 190 and 250.
10
What is the highest common divisor of 1242 and 18?
18
Calculate the highest common divisor of 81 and 1044.
9
Calculate the greatest common divisor of 26559 and 13.
13
Calculate the highest common factor of 210 and 588.
42
Calculate the greatest common divisor of 282 and 114.
6
What is the highest common factor of 292 and 16?
4
Calculate the greatest common factor of 42 and 120.
6
What is the highest common divisor of 190 and 10?
10
Calculate the highest common factor of 2360 and 120.
40
What is the greatest common factor of 4 and 38?
2
Calculate the greatest common factor of 78 and 104.
26
Calculate the highest common divisor of 1368 and 288.
72
Calculate the greatest common factor of 66 and 48.
6
Calculate the greatest common factor of 3885 and 70.
35
Calculate the highest common divisor of 105 and 280.
35
What is the greatest common factor of 2312 and 119?
17
What is the greatest common divisor of 2553 and 259?
37
Calculate the greatest common factor of 14415 and 620.
155
Calculate the greatest common factor of 30240 and 252.
252
Calculate the greatest common factor of 223 and 669.
223
Calculate the highest common divisor of 91 and 182.
91
What is the greatest common factor of 240 and 195?
15
What is the greatest common factor of 27 and 267?
3
What is the highest common divisor of 2460 and 574?
82
What is the highest common factor of 4 and 132?
4
Calculate the greatest common factor of 23 and 4117.
23
What is the highest common factor of 224 and 196?
28
Calculate the highest common factor of 96 and 32.
32
What is the highest common factor of 180 and 16?
4
What is the highest common factor of 19194 and 21?
21
What is the greatest common divisor of 80 and 120?
40
What is the greatest common factor of 318 and 42?
6
Calculate the highest common divisor of 14 and 22.
2
What is the highest common factor of 531 and 18?
9
What is the highest common divisor of 35 and 95?
5
What is the greatest common divisor of 104 and 8?
8
What is the highest common divisor of 1707 and 9?
3
What is the highest common divisor of 2546 and 38?
38
Calculate the greatest common factor of 440 and 176.
88
Calculate the highest common factor of 7448 and 19.
19
Calculate the greatest common factor of 27510 and 20.
10
What is the greatest common factor of 4 and 192?
4
Calculate the highest common divisor of 15 and 105.
15
What is the greatest common divisor of 175 and 2520?
35
What is the highest common divisor of 1090 and 10?
10
Calculate the highest common factor of 237 and 16827.
237
What is the highest common factor of 12 and 7482?
6
What is the highest common divisor of 308 and 429?
11
Calculate the highest common divisor of 138 and 483.
69
Calculate the greatest common factor of 63 and 54.
9
What is the greatest common factor of 3953 and 134?
67
Calculate the greatest common divisor of 6413 and 121.
121
What is the greatest common divisor of 80 and 95?
5
Calculate the highest common divisor of 204 and 2516.
68
What is the greatest common divisor of 585 and 1053?
117
Calculate the greatest common divisor of 1176 and 48.
24
Calculate the highest common factor of 336 and 896.
112
Calculate the highest common divisor of 169 and 1209.
13
Calculate the greatest common divisor of 40 and 6970.
10
Calculate the greatest common factor of 362 and 42173.
181
What is the greatest common factor of 5 and 2615?
5
Calculate the highest common factor of 48 and 1200.
48
What is the highest common divisor of 473 and 136697?
473
What is the greatest common factor of 6454 and 98?
14
What is the greatest common factor of 145 and 464?
29
Calculate the highest common factor of 13 and 112.
1
Calculate the greatest common factor of 77 and 693.
77
What is the greatest common divisor of 21 and 7?
7
Calculate the greatest common factor of 14 and 2962.
2
Calculate the greatest common divisor of 1293 and 36.
3
What is the highest common divisor of 427 and 511?
7
Calculate the greatest common divisor of 30 and 735.
15
Calculate the greatest common divisor of 4194 and 90.
18
What is the highest common factor of 1818 and 5656?
202
Calculate the greatest common factor of 42511 and 7.
7
What is the highest common factor of 125 and 1?
1
Calculate the greatest common factor of 8 and 28.
4
Calculate the greatest common divisor of 585 and 315.
45
Calculate the greatest common factor of 186 and 7502.
62
What is the greatest common factor of 4576 and 1287?
143
What is the greatest common factor of 21 and 49?
7
Calculate the highest common factor of 460 and 782.
46
What is the highest common divisor of 520 and 40?
40
Calculate the greatest common factor of 7612 and 11.
11
Calculate the highest common factor of 37 and 1.
1
Calculate the greatest common divisor of 656 and 902.
82
What is the highest common divisor of 425 and 340?
85
Calculate the highest common divisor of 105 and 35.
35
Calculate the greatest common divisor of 1957 and 206.
103
What is the highest common divisor of 280 and 315?
35
Calculate the greatest common factor of 147 and 21.
21
Calculate the greatest common divisor of 23 and 97.
1
Calculate the highest common divisor of 1290 and 20.
10
What is the highest common divisor of 715 and 104?
13
Calculate the highest common factor of 3336 and 16.
8
Calculate the highest common factor of 17 and 24701.
17
Calculate the highest common divisor of 2097 and 233.
233
Calculate the highest common divisor of 156 and 3822.
78
What is the highest common factor of 294 and 399?
21
What is the highest common divisor of 66 and 888?
6
What is the greatest common factor of 2700 and 440?
20
Calculate the highest common divisor of 35 and 30.
5
What is the greatest common divisor of 141977 and 11?
11
Calculate the greatest common factor of 1640 and 135.
5
Calculate the highest common divisor of 2962 and 2.
2
What is the highest common divisor of 836 and 11?
11
What is the highest common factor of 2 and 37?
1
Calculate the highest common factor of 11 and 24233.
11
What is the greatest common divisor of 108 and 31212?
108
Calculate the greatest common divisor of 640 and 32.
32
What is the highest common divisor of 234 and 1248?
78
What is the greatest common factor of 23 and 2461?
23
Calculate the highest common divisor of 798 and 42.
42
What is the highest common divisor of 708 and 1356?
12
What is the greatest common divisor of 990 and 30?
30
What is the greatest common factor of 459 and 54?
27
What is the highest common factor of 99 and 132?
33
Calculate the highest common factor of 29 and 551.
29
What is the highest common factor of 20 and 310?
10
Calculate the greatest common factor of 1147 and 333.
37
What is the highest common divisor of 288 and 252?
36
What is the highest common factor of 531 and 4425?
177
Calculate the highest common factor of 31 and 18.
1
What is the greatest common factor of 649 and 22?
11
Calculate the highest common factor of 6902 and 952.
238
Calculate the greatest common divisor of 54 and 459.
27
Calculate the greatest common factor of 132 and 12.
12
Calculate the greatest common factor of 13 and 65.
13
Calculate the greatest common divisor of 776 and 14550.
194
What is the greatest common factor of 402 and 1474?
134
Calculate the greatest common factor of 288 and 7416.
72
Calculate the highest common divisor of 285 and 3.
3
Calculate the greatest common divisor of 8 and 1912.
8
Calculate the highest common factor of 277 and 8864.
277
What is the highest common divisor of 368 and 704?
16
What is the highest common divisor of 260 and 1378?
26
What is the highest common factor of 3204 and 72?
36
Calculate the highest common divisor of 6240 a